
2
Calculate (5 - 5) + (5 - 3).
2
Calculate 9 + (6 - 5) - 5.
5
What is -4 + (-6 - -12) - (-3 - -1)?
4
What is 2 + -11 - (-25 - -15)?
1
What is the value of -23 - -16 - (0 + -2)?
-5
What is -3 - ((-3 - -2) + -4)?
2
What is 0 - (-9 - -14 - 10)?
5
Evaluate 11 - (8 - 3) - -8 - 6.
8
6 + (2 + -3 + 4 - 8)
1
16 + (0 - 14) + (6 - 0)
8
-2 + 0 + (5 - 1)
2
Calculate -4 - (-43 + 43 + (-1 - 6)).
3
(-3 - -1) + (-7 - -11) + -5
-3
Calculate (-5 - 1 - -4 - -3) + 1.
2
-5 - -15 - (5 + -5)
10
What is the value of 0 - (11 + (-5 - -1))?
-7
Calculate (-2 - -4 - 5) + 3 + 2.
2
Evaluate -6 + 0 + (-1 - -11).
4
Calculate -1 - 3 - (6 - (1 + 4)).
-5
What is the value of -4 - -4 - (2 - -1 - 4)?
1
What is -11 + -8 + 12 + 6?
-1
Evaluate 1 + (-5 - -3) + 8 + -3.
4
What is 1 - -5 - (-1 + 4)?
3
-3 + (2 + 3 - (-4 - -7))
-1
Evaluate 4 + (-7 + (2 - -1) - -5).
5
Calculate 1 + 1 + -5 + 0.
-3
What is 2 + 0 - 0 - (-2 + 7)?
-3
What is the value of -1 - (4 - 0) - -8?
3
Calculate (1 - 0 - (6 - 12)) + -14.
-7
Evaluate -5 - (4 + -1 - (10 - 7)).
-5
Calculate 6 + (2 - 5) + -6 + 2.
-1
(11 - 7 - -3) + (8 - 5)
10
Evaluate -1 + -3 + 0 - -4.
0
Evaluate 1 + -6 - (-15 + -8 + 20).
-2
What is (116 - 116) + (1 - 1)?
0
Evaluate (-1 - 0 - -3) + -116 + 111.
-3
What is (-4 - -3) + -2 + 1?
-2
Evaluate -13 + 3 + 9 + -4.
-5
What is the value of 7 + -2 + 1 + 52 + -56?
2
What is 3 + -1 - (11 - (2 + 2))?
-5
Calculate 2 + 3 + -8 + -9 + 5.
-7
-10 + 10 - (0 - 3)
3
Calculate -7 + -1 + 12 + -6.
-2
Calculate 5 - (0 + 4 + 28 + -32).
5
What is the value of 4 - (0 + (2 - (0 - 0)))?
2
What is (1 + 1 - 3) + 3 + 3?
5
Evaluate -1 + (-3 + 5 - -4).
5
Calculate 5 - (-1 + 2 + 0) - -2.
6
2 - (2 + -3 - -5)
-2
Calculate -2 - -1 - (-1 + 0).
0
What is 0 + 5 + -5 + (-3 - -1)?
-2
Calculate -1 - (5 + -8) - (1 - 1).
2
What is the value of -1 + (2 - (0 - -4)) - 0?
-3
What is -19 - -22 - (12 + -3)?
-6
-1 - (4 + 0) - (-9 + 9)
-5
What is the value of -1 - -12 - 0 - 6?
5
Evaluate 15 + 0 + -19 - (0 + 2).
-6
(5 - 4) + (-3 - (3 + -9))
4
10 + -4 + -9 - -5
2
Calculate (-3 - -1) + -4 + 8.
2
What is the value of -13 + 1 - (-14 - -5)?
-3
5 + (0 - (6 + -8)) + 0
7
Calculate 1 - (-9 - -14) - (0 - 0).
-4
What is -3 + -5 + 2 - (-9 + -1)?
4
(-17 - -21) + (-8 - -1) - -2
-1
Evaluate 0 - 3 - ((-1 - -8) + -8).
-2
What is 7 - ((-4 - -12) + -7 - -6)?
0
What is the value of 11 + (-15 + 18 - 24)?
-10
Evaluate (3 - 0) + 2 + -3 + 4.
6
(-16 - -7 - -3) + 0
-6
Calculate 5 + (3 + -2 - 2) - 0.
4
What is the value of -1 - -4 - (0 - (2 - 0))?
5
What is the value of (0 - -5) + 22 + -27?
0
10 - -2 - (1 - -6)
5
Calculate 0 - ((-6 - 2) + 1) - 2.
5
What is (3 + -1 - -1) + 0 - 5?
-2
What is 5 - (-2 + (-2 - -9))?
0
Evaluate -1 - (4 + -3 + -1) - 4.
-5
4 + (4 - 9) - (3 + -3)
-1
What is the value of 1 + -3 - (-4 - (-3 - -2))?
1
What is the value of -47 + 40 + (-1 - -4 - -1)?
-3
What is (-3 - -2) + (1 - (-1 - 4))?
5
Calculate -3 - (7 + -6 + -3 - 3).
2
13 - (4 - 2 - -9)
2
What is the value of 10 + (-7 - -3) - 2 - 2?
2
Evaluate 6 - (15 - (0 - (0 - 7))).
-2
What is 11 + 5 + -11 + (0 - 3)?
2
What is the value of (2 - (1 + 0)) + -4?
-3
8 + -1 - (-33 - -36)
4
What is the value of 9 - (8 + -3) - (1 + 0)?
3
What is the value of -5 + (4 - -3) - -1?
3
Calculate (0 + 4 - (-2 - -9)) + 4.
1
-5 - (3 - 1 - 3)
-4
What is the value of 7 - (1 - 6 - (63 - 69))?
6
Calculate -3 - (5 - 1) - (-13 - 1).
7
(3 - (-11 - 0)) + -8
6
Calculate -4 + 3 + 1 + -1 + 3.
2
What is the value of 0 + -2 - -15 - 3?
10
What is -2 - (2 - (-1 - -6))?
1
What is -13 - (-11 + 3) - -4 - -5?
4
-17 + 24 + -9 - (1 + -4)
1
What is -2 - (-1 + 1) - (5 - 12)?
5
Evaluate -2 + (-2 - -7) + (-15 - -17).
5
What is the value of 6 + (0 - 11) + 3?
-2
4 + 4 + -2 - (-6 - -4)
8
Calculate -2 - (-5 + 3 - 4).
4
0 - -1 - (3 + -5)
3
What is (30 - 33) + 2 + 0 + 1?
0
What is the value of -1 - -8 - ((0 - -1) + -3)?
9
What is (2 - -4) + (-8 - -4 - 1)?
1
-9 - (3 + (4 - -1) - 14)
-3
What is -2 + (-4 - 1) + 4 + 1?
-2
Evaluate -5 - (2 - (-1 - -5)) - 1.
-4
Calculate 0 - -3 - (-5 + 5).
3
What is the value of 0 + -4 - (-12 + 10)?
-2
Calculate (6 + -9 - -8) + 1 + 0.
6
What is the value of (2 - 1) + -3 - (38 - 36)?
-4
Calculate -1 + (2 - 1) + -1.
-1
Calculate -2 + 10 + (-4 - -5).
9
Evaluate -4 + 0 - (1 + -3 + -4).
2
Calculate -8 + (5 - -4 - 3).
-2
-7 - (-12 + (10 - 10))
5
Evaluate (3 - 10) + 3 + 8.
4
What is the value of 3 - 0 - (2 + -1)?
2
What is the value of (-5 - -2) + (40 - 45) + 5?
-3
What is the value of 2 + 0 + (-2 - 1) - -4?
3
12 - (12 + 12 + -4)
-8
What is the value of 2 - -1 - (16 + -15)?
2
Calculate 17 - (23 + -12) - (-1 - -1).
6
What is -4 - (-7 - (1 + -7))?
-3
Evaluate -1 + 4 + -2 + 0 - 3.
-2
12 - 9 - (1 + 2)
0
What is (2 - 0) + -7 + 4?
-1
Evaluate -3 + 3 + 1 + -10 + 8.
-1
Calculate 5 + -8 + (-3 - -13) + 0.
7
(4 - 3) + 3 + (-1 - 1)
2
Evaluate (-7 - 1) + -10 + 16.
-2
Evaluate (-7 - (6 - 5)) + 13.
5
Calculate -2 - ((2 - 4) + -4 + 3).
1
What is the value of 6 + 6 + -2 + -4 + -5?
1
What is the value of (1 - (-3 + 4)) + 3?
3
What is the value of -5 + 4 + 3 + -6?
-4
What is the value of -1 + (6 - (-2 + 1))?
6
What is the value of -4 - (-7 + 2) - -1?
2
-1 + -10 + 0 + 6
-5
What is the value of 1 - -4 - (1 + 2)?
2
Evaluate -4 + (-6 - -1) + (33 - 31).
-7
Calculate 46 - 42 - (7 - -2).
-5
Calculate 0 - (9 - (12 + 5)).
8
-8 - (0 + (3 - (6 - -5)))
0
Evaluate -1 - 1 - (87 - 89).
0
What is -12 - -8 - (-6 + 0)?
2
Evaluate 0 - (2 + (4 - (1 + 4))).
-1
What is the value of 9 - (7 + -6) - (-1 - 0)?
9
What is 4 + -3 + -3 + 2?
0
What is the value of -3 - (1 - (2 + -2))?
-4
0 - (-25 - -2 - -14)
9
What is the value of 1 - (-28 - -23 - (-1 + -9))?
-4
Calculate (8 - 1) + (15 - 26).
-4
Evaluate 13 - 0 - (82 - 71).
2
Calculate ((3 - 4) + 7 - 7) + -2.
-3
Evaluate 7 - (5 - -2) - -5.
5
Calculate -5 + -2 + 12 + -5 - 0.
0
Evaluate -2 + -2 + 3 + -2 + 1.
-2
What is the value of -1 + (-4 - 1) - (-11 + -2)?
7
-10 - (8 + (-5 - 3))
-10
1 + -7 - (-41 - -37)
-2
Calculate 5 - (-3 - (3 + -7 + -2)).
2
-1 - (4 + -8) - 3
0
-5 + 2 + (-5 - -3) - -2
-3
What is 3 + 0 + -8 + 1 + 8?
4
Evaluate (-6 - 0) + (0 - -4).
-2
Calculate 6 + 4 + 0 + -4 - 1.
5
2 - -2 - (8 - (5 + -4))
-3
What is the value of 1 + -1 - -5 - (25 - 27)?
7
((9 - 5) + -11 - -4) + 5
2
-1 - (-5 - 1 - -1) - -3
7
What is the value of (-2 + 4 - 3) + 6 + 0?
5
What is (0 - 1) + -3 + (1 - 3)?
-6
What is (-9 - -1) + 5 + 3?
0
Calculate -13 - -19 - (3 + -2 + 1).
4
-3 + (4 - 0) + -3 - 2
-4
What is the value of 1 - 2 - 4 - (-6 + 5)?
-4
Calculate -3 - ((-10 - -9) + 3 + 0).
-5
What is 3 - (-5 + 6 + -7 + 4)?
5
Calculate 0 + -3 - (1 - (4 + 0)).
0
0 + 3 + -5 + 0 - -8
6
What is the value of -7 + 5 + 5 - 6?
-3
Evaluate 8 - (-6 + 15) - 1.
-2
What is the value of (0 - 1) + -2 + 9 + -3?
3
Calculate -1 - 3 - (1 + (-2 - 2)).
-1
(3 - -1) + -4 + -2
-2
What is (20 - (9 - 1)) + -5 + 1?
8
(1 - 6) + 0 + 3 + 6
4
7 + -5 - (-1 + 2 + -5)
6
What is (7 + -21 - -28) + -22?
-8
What is 6 + -8 - (-2 - -6) - -8?
2
-1 + -3 - (4 + -9 + -3)
4
13 - (-5 - -26 - 13)
5
Calculate 0 - (5 - -1) - -3.
-3
1 + -7 + -1 + 0 + 3
-4
Evaluate 6 - (2 + -2 + 14 + -3).
-5
What is (3 - 2) + (-9 - -8) - 4?
-4
What is the value of -1 + 1 + -1 + 4?
3
What is the value of -3 - (3 + -3 - (0 + 0))?
-3
Calculate -4 - 2 - -2 - (-8 - 1).
5
What is the value of -2 + 1 + -12 + 8 + 5?
0
Evaluate 8 + 8 + -7 - 11.
-2
Evaluate (7 - 10) + -2 + -3 + 9.
1
What is the value of 1 + 1 - (3 + -6 + 3)?
2
Calculate (12 - 2) + -20 - -18.
8
Calculate 0 - (-4 - (-4 - (3 - 2))).
-1
Evaluate -8 - (12 - 7 - 7) - 0.
-6
What is -14 + 11 - (-2 + 0 - 3)?
2
Evaluate 2 - (5 - (-8 + -3 + 6)).
-8
What is the value of 1 + (-6 - (1 + -2))?
-4
What is -9 + -3 + 5 - -9?
2
1 - (4 + (-5 - -1))
1
-5 + (6 - 4 - 2)
-5
Calculate 3 + (-5 - -2) + -4 - 1.
-5
What is 3 + 7 + 0 + -5?
5
Calculate 8 + 9 + (7 - 21).
3
11 - (6 - (10 - 17))
-2
What is -4 - (-4 + 8 + -9)?
1
4 - (-6 - (-18 - -5 - -1))
-2
What is the value of -1 - 2 - (3 + -3)?
-3
What is the value of 18 + (-3 - 3) + -5?
7
Calculate -15 + (-7 + 7 - -12).
-3
0 + -3 + -5 + 11
3
(-25 + 23 - 0) + 0 + 0
-2
What is 5 + (6 - 7) + 0 + 1?
5
What is (-5 + 7 - (2 - 1)) + -2?
-1
Evaluate -4 + (2 - (0 - 1)) + 1.
0
What is (-1 - 3) + -1 + (-4 - -2)?
-7
75 + -71 + (2 - -1) - 4
3
What is 5 + -12 + 6 - -10?
9
What is 3 + (-6 - -1 - -1)?
-1
What is (4 - 0) + -9 - -5?
0
Calculate (0 - -6) + -5 + 5.
6
What is -6